- 2, 3 = 3*g. Calculate i(w).
-6
Let n(y) = -y**2 + 6*y - 5. Suppose -2*j - 4*d - 18 = d, 5*d - 10 = 5*j. Let z be ((-3)/6)/(2/j). Let w be -10*(z + 24/(-15)). Determine n(w).
-5
Let f(r) = r**2 - 8*r - 3. Let h be (0 - -36)/(-6) - -14. Give f(h).
-3
Let m(k) be the third derivative of -k**4/24 + 4*k**3/3 - 26*k**2. Determine m(7).
1
Let y(x) = -x + 17. Let l(c) = -c + 15. Let n(s) = 7*l(s) - 6*y(s). Let w = -3 - -5. Suppose 2*r = 5*p + 4, -r + 2 + 1 = -w*p. Determine n(r).
-4
Let j(k) = -17*k + 5 + 4*k + 7*k + 7*k. Determine j(-5).
0
Suppose 10*y - 56 + 36 = 0. Let v(n) be the second derivative of -1/12*n**4 + 5/6*n**3 + 0 - 2*n - 3/2*n**2. Calculate v(y).
3
Let z(q) be the first derivative of 13*q - 3 - q**2 - 2*q**2 - 11*q + q**2. Calculate z(5).
-18
Suppose -11*j - 15 = -6*j. Let k be j/(-6 - -3)*5. Let l(h) = 11 - 13 + k + 3*h. Calculate l(-3).
-6
Let t(p) = -p**3 + 8*p**2 - 4*p + 5. Let y be (-3 - -33)*(-7 + (-468)/(-65)). Determine t(y).
53
Let u(f) = 2*f - 8 - 2*f + f - 3*f. Let d be u(-5). Let x(j) = -6*j + 20*j + 8 - 8*j + j**d. Determine x(-6).
8
Suppose -6028*s + 6041*s = -91. Let r(k) = 2*k**2 - 7*k - 5 - 3*k**2 - k. Determine r(s).
2
Let i(y) = -y**2 - 2. Let g be (6/8)/(1/(-4)). Let m be -1 - g - (3 + 2 - 0). Calculate i(m).
-11
Let n = -3 + 1. Let o be (-1 - (-2 + 4)) + -4. Let t(d) = -3*d**2 - d - 2. Let r(w) = 10*w**2 + 2*w + 7. Let h(y) = n*r(y) + o*t(y). Determine h(-4).
4
Let m(h) be the second derivative of 4*h + 4/3*h**3 - 7/2*h**2 + 0 - 1/12*h**4. Suppose -3*j = -3*i + 7*i - 30, 0 = i + 2*j - 10. What is m(i)?
5
Let t be (-2)/(-6)*-3*3. Let v(y) = -6*y - 1. Let r(s) = -5*s - 2. Let c(i) = -3*r(i) + 2*v(i). Calculate c(t).
-5
Let w(d) be the first derivative of d**6/120 + d**5/10 - 5*d**4/24 + 5*d**3/6 - 9*d**2/2 - 25. Let i(f) be the second derivative of w(f). Calculate i(-7).
-9
Suppose 6*k - 4 = 4*k. Let l be (-4)/(-6) + k/6. Let x = l + 6. Let g(b) = -2*b + 6. Determine g(x).
-8
Suppose -6*s = 5*x - 11*s - 55, 0 = 3*s + 6. Let z(l) = -l**3 + 10*l**2 - 10*l + 3. Determine z(x).
-6
Let w = -94 + 94. Suppose w = 6*t + 6 - 0. Let x(a) = -17*a**2 - 2*a - 1. Calculate x(t).
-16
Let h(t) = -t + 6. Suppose 3*o = -15, 5*v - 80 = -5*o + 4*o. Suppose -4*d + k + v = 0, -3*d - 4 = 3*k + 2. What is h(d)?
3
Let d(q) = q**3 + 3*q**2 - q - 1. Suppose -4*i + 36 = -32. Let z = i + -19. Let g be 1/(z/12*2). Determine d(g).
2
Let u(q) = -q**2 - 4*q - 6. Let z(v) = v**2 - 12*v + 5. Let g be z(12). Suppose g*m = -3*b - 25, 3*b - 5*b = -m - 5. Calculate u(m).
-11
Let q be (-24)/(-32) - 1/(-4). Let g(o) = 6*o - 3*o**2 - 7*o - o**3 - q - 5*o**2. What is g(-8)?
7
Let u(h) be the second derivative of h**4/12 - 7*h**3/6 + 11*h**2/2 - 7*h + 7. What is u(8)?
19
Let h(c) = 1. Let k be ((-2)/((-40)/(-4)))/((-1)/5). Let q(v) = 5*v - 11. Let t(i) = k*q(i) + 5*h(i). Suppose 3*w = -0*w + 12. Determine t(w).
14
Let o(r) be the first derivative of -r**4/4 + 5*r**3/3 - 2*r**2 - 3*r - 494. Calculate o(4).
-3
Let w(h) = h**2 - 9*h + 5. Suppose 0 = 4*m + 5*f - 28, 15*f = 19*f. Determine w(m).
-9
Let d(o) = 0 - o + 3 - 4*o + 0*o**2 + o**2. Let k(t) = 3 - 9 + 13*t - 3 - 9*t. Let r be k(3). What is d(r)?
-3
Let n(r) = -13*r + 24. Let z(x) = 7*x - 57 + 158 - 54 - 59. Suppose 5*w = -3*s + 7 + 41, 0 = 3*s - 4*w - 21. Let v(y) = s*z(y) + 6*n(y). Calculate v(5).
7
Let b(x) be the second derivative of x**4/12 - 2*x**2 - 4*x + 8. What is b(2)?
0
Let i(q) = -13*q**3 - 11*q**2 + 3. Let p(k) = -16*k**3 - 10*k**2 + 2. Let n(t) = -5*i(t) + 4*p(t). Give n(-15).
-7
Suppose -3*p + 2 = -p + 4*l, -2*l = 3*p - 7. Let w(u) = 3 + 5*u + u**p - 13 + 8*u**2 + 3. Calculate w(-7).
7
Let g(c) = -c - 8. Let y(p) = -4. Let u(a) = 3*g(a) - 5*y(a). Let m be (3/2 + -1)*-6. Give u(m).
5
Let c(d) = -d + 3*d + 2*d + d**3 - 7*d - 5*d**2 + 4. Determine c(5).
-11
Let g be 0 + 1/3 + 1991/543. Let m(r) = -r**2 + 5*r - 10. Determine m(g).
-6
Let p(o) = o**3 - 3*o**2 - 5*o - 7. Let h be ((-5)/(-2))/(-7*4/(-56)). Give p(h).
18
Let t(y) = -63*y**2 + 5*y + 4. Let j be t(-1). Let s = -74 - j. Let a(v) = -v**3 - 9*v**2 + 11*v. Give a(s).
-10
Let b(r) = 5*r**2 - r - 1. Let x(w) = -3*w + 1. Let d be x(-1). Suppose g + d*g = -35. Let q = -8 - g. Calculate b(q).
5
Let v = -60 - -102. Suppose 39*w - 3 = v*w. Let n(b) = 3*b**2 + b. Give n(w).
2
Let h(g) be the third derivative of -g**5/60 - 5*g**4/24 + g**3/3 + 6*g**2 - 2*g. Give h(-5).
2
Let g(z) = -5*z**3 - 26*z**2 - 25*z - 32. Let r(u) = u**3 + 5*u**2 + 5*u + 6. Let n(t) = 2*g(t) + 11*r(t). Give n(-3).
-13
Suppose 2*i - 5*i + 6 = 0. Let l be (i + -3)/(-1) + (12 - 6). Let j(f) = f**3 - 8*f**2 + 9*f - 2. Calculate j(l).
12
Let a = 6 + -1. Let z(t) = -10*t**3 - 3*t + 11. Let l(n) = 7*n**3 + 2*n - 7. Let f(j) = a*z(j) + 7*l(j). Determine f(0).
6
Let q(v) = v + 4. Let h(c) = -c - 5. Let z(m) = -4*h(m) - 5*q(m). Let x(t) = -t**3 + 5*t**2 + 34*t + 22. Let r be x(9). What is z(r)?
-4
Suppose p + 4 = 2*s, -5*s = p + 8 + 17. Let d(m) be the second derivative of -m**3/3 - 7*m**2 - 8*m. Calculate d(p).
6
Let l(h) = h**3 + 7*h**2 - 2*h - 9. Let w be 264/(-28) + (-9)/(-21). Let n = -16 - w. Calculate l(n).
5
Let y(p) = -p**3 - 3 + 3*p**2 - 3 + 3. Suppose -4*q = 5*n - 8, 2*q = 2*n - 0*q - 14. Suppose 9 + 3 = n*g. Determine y(g).
-3
Let p = 5 + 0. Let c(y) = -20*y**3 + 15*y**2 + 3*y - 38. Let v(o) = 10*o**3 - 3*o**3 + 18 + 0 - o - 5 - 5*o**2. Let t(r) = 6*c(r) + 17*v(r). Give t(p).
-2
Let d(a) = -a**3 + 2*a**2 + 2*a - 2. Let b = -717 + 715. What is d(b)?
10
Let m(k) = 4*k + k**2 + k + 3*k - 5*k + 2. Determine m(-1).
0
Let t(v) be the first derivative of -11*v**2/2 - 5*v + 8. Let u be (-14)/3*(-24)/(-16). Let x(r) = 16*r + 8. Let y(c) = u*t(c) - 5*x(c). Calculate y(-5).
10
Suppose 3*m - 4*p - 13 = 0, -177*m + 176*m + 4 = -p. Let f(x) = -5*x**2 - x - 3. Let s(h) = -h**2 - 1. Let b(r) = f(r) - 6*s(r). Calculate b(m).
9
Let t(a) = -a**3 + 22*a**2 - 84*a - 7. Let l be t(5). Let b(q) = -3*q**2 - q + 4. Determine b(l).
-6
Let d(g) = -57*g - 67*g - 9 + 126*g. Let f(k) be the second derivative of -k**3/2 + 5*k**2 - k. Let x(s) = 4*d(s) + 3*f(s). Calculate x(-6).
0
Suppose 5*g = 5*l - 50, 10 = 4*g - 3*l + 50. Let i(o) = o**3 + 9*o**2 - 10*o - 4. What is i(g)?
-4
Let u be (-16)/(-12)*9/(-6). Let i be u*26*(-13)/52. Suppose 5*v = w - i, -5*v = 5*w - 2 + 27. Let q(a) = -a**3 - 4*a**2 - a + 2. What is q(w)?
-4
Let z(j) = j**3 - 14*j**2 + 13*j + 9. Let q be z(13). Suppose 2*y + 1 = -q. Let f(r) = -r**2 - 4*r + 4. Determine f(y).
-1
Let t be (-4)/7*(-14)/4*1. Let s(v) = -3*v + t + 15*v**2 + 2*v - 18*v**2 + 2*v. Calculate s(-2).
-12
Let z be (24/20)/(6/15). Let y(b) = -b**3 + 5*b**2 - 7*b + 1. Give y(z).
-2
Let x = 19 + -12. Let d(c) = -3*c - x - 47*c**2 + 24*c**2 + 24*c**2. Calculate d(5).
3
Let p(z) = 13*z**3 - 47*z**2 + 20*z + 11. Let b(h) = -7*h**3 + 25*h**2 - 11*h - 6. Let r(l) = -11*b(l) - 6*p(l). What is r(5)?
55
Let d(h) = h**2 - 8*h + 8. Let b(m) = -17*m + 14*m + m**2 - 2*m**2. Let s be b(-3). Suppose 0*t + t - 6 = s. Calculate d(t).
-4
Let w(n) be the third derivative of n**6/120 - n**5/6 - n**4/8 + 2*n**3 + 14*n**2. Suppose -5*s = -d + 25, 6*d = 5*d + 4*s + 22. Give w(d).
-18
Let g(d) be the second derivative of 2*d**2 - 7/6*d**3 + 0 + 15*d - 7/12*d**4 - 1/20*d**5. Calculate g(-6).
10
Suppose -30 = 4*c - 9*c. Suppose g = -g + c. Let d(t) = -2 - 4*t - 12*t**g - t + 13*t**3 + 4*t. Determine d(2).
4
Let x(v) = -3*v**2 + 20*v + 7. Let l be x(8). Let b = 33 + l. Let u(a) = a**2 - 9*a + 6. What is u(b)?
-2
Let i be 1/(0/2 + -1). Let q(c) = 9*c**3 + 0 - 25*c**3 + 1 + 14*c**3 + 4*c**3. Calculate q(i).
-1
Let h(q) = 1 - 2*q**3 + 5*q**3 - 2*q**3 - q + 2*q**3. Let r be h(1). Let g(m) = -3 + 197*m**2 - m**r - 202*m**2 + 2*m + 3*m. Calculate g(-6).
3
Let a(f) = 7*f + f**3 + 0*f**2 - 2 + 3 + 6*f**2. Suppose 3*s = s - 10. What is a(s)?
-9
Let w(q) = q**3 - 8*q**2 - 8*q - 6. Let g(i) = -i**3 + 9*i**2 + 10*i + 8. Let x(d) = -4*g(d) - 5*w(d). Let z be 1/(-1)*(2 + -2). Let n = 3 - z. Give x(n).
7
Let t(a) = -5*a**2 - 6*a + 1. Let k(b) = -9*b**2 - 13*b + 2. Suppose 9*g - 3*g - 24 = 0. Let l(n) = g*k(n) - 7*t(n). Give l(-8).
17
Let a be (-81)/18 + (-2)/(-4). Let w(q) = q**3 + 3*q**2 - 2*q - 5. Determine w(a).
-13
Let m(f) = -5*f**2 - 2. Let l(g) = 4*g**2 + g + 2. Let w(q) = -4*l(q) - 3*m(q). Let n